et f be ((-4)/(8/3))/(9/(-210)). Suppose 4160 = -22*w + f*w. List the prime factors of w.
2, 5
What are the prime factors of (3 - (1 + 3))/((-51)/142035)?
5, 557
Suppose -5*c = 2*b + 3059, -4*b + 63 = c + 664. Let g = 1023 + c. List the prime factors of g.
2, 5, 41
Let l = 95 + -95. Suppose l = 105*u - 108*u + 2715. Suppose 3*m - 618 = -2*b, m = 3*b - 0*m - u. What are the prime factors of b?
3, 101
Suppose 2*g + 9*i - 12*i = 84915, 3*i - 212235 = -5*g. What are the prime factors of g?
2, 3, 5, 283
List the prime factors of ((-29)/65 - (-21)/35) + (-2959598)/(-221).
2, 3, 31
Let u(f) = f + 6. Let b be u(19). Suppose 0 = 26*s - b*s + 6. What are the prime factors of s*(-4 - (-228)/(-9))?
2, 11
Let m(u) = -8*u - 11. Let w be m(-4). Let f(s) = s + 7*s + 0*s - w + 14. List the prime factors of f(4).
5
Let l be 6/(4*1/6). Suppose l*j + 1605 = 14*j. Let g = -139 + j. What are the prime factors of g?
2, 7, 13
Let a = 20 - 4. Suppose -a*r = -23*r + 21. Suppose -7*k + 284 = -r*k. List the prime factors of k.
71
Let h be (-190)/6 + (-1)/3. Suppose 0 = -14*g - 119 + 1169. Let b = g + h. List the prime factors of b.
43
Let g(x) = x**2 + 2*x - 6. Let t be g(-4). Suppose -2*m + 1357 = 5*q, -798 = -2*m - t*q + 568. Suppose 0*p = -7*p + m. What are the prime factors of p?
2, 7
Suppose x - 5*i + 30 = 94, 3*x = -3*i + 102. Let z = -37 + x. List the prime factors of (516/24)/(1/z).
43
Suppose 190*n = 1709847 + 349563. What are the prime factors of n?
3, 3613
List the prime factors of (-62)/(-2)*(-1648)/(12 - 28).
31, 103
Let q(f) = 12129*f**2 - 12*f + 5. List the prime factors of q(1).
2, 11, 19, 29
Suppose 5*f = -30*f + 385. Suppose -f*v + 45 + 1066 = 0. List the prime factors of v.
101
Let v(y) = y**2 + y + 29. Let x be v(0). Suppose d - 2*h + 17 = 0, 5*d + 2*h + x = -20. Let m = d - -121. What are the prime factors of m?
2, 5, 11
Suppose -18*i - 109 - 107 = 0. List the prime factors of (-3)/12 - (-3 + 10995/i).
919
What are the prime factors of (-21529 + (0 - (2 - 4)))*(7 + -8)?
11, 19, 103
Suppose 7*m - 8599 = -2*v, 3*v - 2*m = 5*v - 8624. List the prime factors of v.
3, 1439
Suppose 4*q - 33195 = -2*f - 2807, -2*f + q = -30393. What are the prime factors of f?
2, 29, 131
Suppose 16 = 2*g - 4*o, -4*o - 17 = -5. Let b be 122/g*(-4 + 5). Let x = 70 - b. List the prime factors of x.
3
Let r = -181 - 102. Let n = r - -521. List the prime factors of n.
2, 7, 17
Suppose -k - 662*r = -660*r - 20514, 0 = 3*k + r - 61582. What are the prime factors of k?
2, 5, 2053
Let m(d) = -86*d - 91. Suppose 2*t - 2*v - 2*v = -32, 4*v = -2*t + 8. What are the prime factors of m(t)?
5, 17
Let c(t) = 4*t + 4. Let h be c(0). Suppose h*j = -2*j + 6. What are the prime factors of (-8 + 5 + j/(-2))*-26?
7, 13
Let g = 31360 + 17344. What are the prime factors of g?
2, 761
Suppose 3*p = -a - 3, 6*a = a + 5*p + 45. What are the prime factors of (-8)/a + (-7008)/(-18)?
2, 97
Let y(j) = j**3 + 4*j**2 + 5*j + 5. Let a be y(-2). Let d be (2 - a*67)*(-14)/7. Let l = d + -252. What are the prime factors of l?
2, 73
List the prime factors of (-2)/(6/15370*(-6 + (-112)/(-21))).
5, 29, 53
Let h(p) = 2009*p - 167. What are the prime factors of h(4)?
3, 43, 61
Let d = 164689 - 73437. List the prime factors of d.
2, 7, 3259
Suppose 3*o + 1497 - 28782 = 0. What are the prime factors of o?
5, 17, 107
Suppose -87*p = -86*p - 637. Suppose -6699 = -7*x - p. List the prime factors of x.
2, 433
Let u be (4/10)/(6/90). Let t(s) = -10*s**3 + s**2 + s - 2. Let m be t(-2). What are the prime factors of (90/24)/(u/m)?
2, 5
Suppose -2*u - 5*x + 276 = -1964, 0 = u + x - 1114. List the prime factors of u.
2, 3, 5, 37
Let h(y) = 4*y**3 - 17*y**2 - 21*y - 111. What are the prime factors of h(9)?
3, 7, 59
Suppose 0 = n - 3*g + 6, 0 = -5*n + 3*g + 6. Suppose 4*v - 5*q - 877 = 16, n = -3*q. List the prime factors of v.
2, 3, 37
Let g(a) = -5*a**3 - 22*a**2 - 73*a - 1070. What are the prime factors of g(-22)?
2, 3, 599
Let f(c) = 381*c**2 - 583*c - 3476. List the prime factors of f(-6).
2, 6869
Let k be ((-175)/(-15))/(-5)*(-3)/1. Suppose 2*d - 2*n = 499 + k, 5*d - n - 1285 = 0. Let a = d + -150. List the prime factors of a.
2, 3
Suppose 2*y - 7*y = -1210. Suppose -1692 = -4*x + 4*f, 0 = -x + 3*f - 112 + 545. Let s = x - y. List the prime factors of s.
2, 11
Let g(m) = 6*m**3 + 21*m**2 - 9*m + 47. Let l(v) = 7*v**3 + 21*v**2 - 9*v + 49. Let h(w) = 6*g(w) - 5*l(w). List the prime factors of h(-21).
2, 113
Let c(h) = -82*h + 9621. List the prime factors of c(-52).
5, 2777
Let x = 557 + -597. Let n = x - -382. List the prime factors of n.
2, 3, 19
Let d = -13179 - -21021. What are the prime factors of d?
2, 3, 1307
Let z = 31891 - 17565. List the prime factors of z.
2, 13, 19, 29
What are the prime factors of -25*(-6)/(-30) - -2145?
2, 5, 107
List the prime factors of (-23)/(276/(-955584)) - (-3 - -11).
2, 37, 269
Let i(n) = n**3 + n**2 - 3*n - 5. Let g be i(-4). Suppose 6*w - 5*d + 76 = 7*w, w + 4*d = 76. Let p = w + g. What are the prime factors of p?
5, 7
List the prime factors of (-29114 + -148)*((-10)/12)/5.
4877
Let n = 461 + -639. Let v = n - -1284. List the prime factors of v.
2, 7, 79
Suppose 0 = 3*n + n + 4*q, 2*n - 3*q - 10 = 0. Suppose n*w - 559 = 3*b, 0 = 2*w - 4*b - 501 - 61. List the prime factors of w.
5, 11
Let h = -65 - -91. Suppose m = h + 39. Suppose -4*d = -m - 47. What are the prime factors of d?
2, 7
Suppose 25*k - 60 + 10 = 0. Suppose 10*p - 458 = -k*q + 14*p, 3*p + 6 = 0. List the prime factors of q.
3, 5
List the prime factors of 7 + 63/(-28)*2*2 + 12849.
29, 443
Let v = -55174 - -90597. List the prime factors of v.
35423
Let i = -125 - -138. Let k(t) = 47*t + 12. What are the prime factors of k(i)?
7, 89
Let y = 231 - 237. What are the prime factors of 2830/(-15)*(33/y - -4)?
283
Suppose 37*g - 304424 + 30312 = 124822. What are the prime factors of g?
2, 3, 599
Let m(o) = -25740*o**3 - 2*o**2 + 14*o + 15. List the prime factors of m(-1).
7, 3677
Let l(j) = 2*j**3 - 30*j**2 - 11*j + 9. What are the prime factors of l(21)?
2, 3, 5, 13
Let w(u) = 3461*u**2 + 16*u + 43. What are the prime factors of w(-3)?
2, 17, 229
Let a = 4870 + -402. Suppose 4*n - 5*b - 6169 + 1699 = 0, 4*n - a = 4*b. List the prime factors of n.
5, 223
Suppose 3*m - 15 = -0*m. Let j(i) = 27*i**2 - 8*i - 12. Let g be j(m). Let n = g + -355. What are the prime factors of n?
2, 67
Let v = 42919 + -28934. List the prime factors of v.
5, 2797
Let b be 40/6 + 9/27. Let t(q) = q**3 - 2*q**2 - 4*q + 35. List the prime factors of t(b).
2, 3, 7
Let c(w) = -3*w - 11. Let q be c(19). Let i = 109 - 36. Let v = i - q. What are the prime factors of v?
3, 47
Let z(k) = -104*k + 44. Let l be z(-3). Let d = -268 + l. List the prime factors of d.
2, 11
Let f(x) = 2*x**2 + 4*x - 18. Let s be f(-7). Let l = s + -118. Let p = -54 - l. List the prime factors of p.
2, 3
Let d(m) = 8*m - 187. Let h be d(24). Suppose -2081 = -h*y + 254. What are the prime factors of y?
467
Suppose -51*z = -48*z - 3, 5*n = 4*z + 3101. What are the prime factors of n?
3, 23
Let n be (-2 - -3 - -1)*8. Suppose -3*p + n = -8. Suppose p*y - 5*y + 632 = 5*f, f + 5*y = 132. List the prime factors of f.
127
Suppose -27*u + 22*u - 25 = 0. Let i be ((-6)/u)/(3/(-10)). List the prime factors of 559/195 + i/(-30).
3
Let f(b) = -b**2 - 156*b + 55. List the prime factors of f(-74).
3, 13, 157
Suppose -3990*p = -3978*p - 64056. What are the prime factors of p?
2, 17, 157
Let a(d) = -d**3 - 17*d**2 - 18*d - 18. Let b be (-5)/(20/12) - 13. Let t be a(b). List the prime factors of 2/4 + 1617/t.
2, 29
What are the prime factors of (486/10)/((-194)/(-64990))?
3, 67
Let h = -717 + 380. Let j = 349 + h. List the prime factors of j.
2, 3
What are the prime factors of 16*(-8)/((-448)/41146)?
2, 2939
Suppose 2*i = -2*i. Let c be (-2 - (-362)/4) + (-18)/36. Suppose -k - c = -g - 2*k, i = -4*g + 4*k + 360. What are the prime factors of g?
89
Suppose -63*i = -81*i + 797778. What are the prime factors of i?
23, 41, 47
Let z = -11677 - -30861. List the prime factors of z.
2, 11, 109
Let p = 410 - 174. Suppose -p = -12*q + 1252. Suppose 0 = -o - 3*v + q, 2*o = 5*v + 114 + 156. List the prime factors of o.
2, 5, 13
Suppose 2*c - w - 24903 = 0, c - 3*w = -1885 + 14324. What are the prime factors of c